) = -14*k - 5. Let v be r(-1). Suppose -10*b + 21 + v = 0. What is the greatest common divisor of b and 33?
3
Let z(u) = 34*u + 938. Let s be z(10). What is the highest common divisor of s and 18?
18
Suppose -2*x - 6*h + 19 = -h, -5*h = -2*x + 69. Let i(w) = w**3 + w**2 + w + 154. Let g be i(0). What is the greatest common factor of x and g?
22
Let n = 61 - 11. Let z(k) = -156*k - 931. Let q be z(-6). Calculate the highest common divisor of n and q.
5
Suppose f - 2*t = 2*f - 261, f = 3*t + 241. Let x be -94 + (30/50)/((-2)/(-10)). Let b = x - -114. What is the highest common divisor of f and b?
23
Let o = 228 - 116. What is the greatest common factor of 14 and o?
14
Let r = -16 - -10. Let g be (-1)/(1/2) - r. Let i = 846 - 814. Calculate the highest common divisor of g and i.
4
Let k = -51 - -3. Let d = 75 + k. Suppose -d = 5*u - 3*c - 85, 2*u - 3*c = 16. What is the greatest common divisor of u and 14?
14
Let q = -8 - -15. Let y(t) = -t + 4. Let f be y(q). Let b be (-395)/f - (-2)/6. What is the highest common factor of b and 12?
12
Let h(u) = u + 2. Let q be h(6). Suppose -224 = -494*n + 487*n. What is the highest common factor of n and q?
8
Let n(l) be the first derivative of -l**3/3 - 4*l**2 - 6*l - 2. Let q be n(-6). Let i be 4/(-28) - 64/(-7). Calculate the greatest common factor of q and i.
3
Suppose 0 = -2*s + 14 + 20. Let h be 1/(-2 - (-478)/238). What is the highest common divisor of s and h?
17
Let s be 66 - (-3 + 4 - -1 - 4). What is the greatest common divisor of 238 and s?
34
Let s = 1541 - 1531. Suppose -4*q = -0 - 8. What is the highest common divisor of s and q?
2
Let u be (12/10)/(12/(-40)). Let o be u/(-22) + 207/11. What is the greatest common divisor of o and 76?
19
Let f = -100 + 111. Calculate the highest common factor of f and 649.
11
Let i(z) = z**2 + z + 7. Let u be i(3). Let m = -14 + u. Suppose -k = -4*k + 5*h + 5, -m = -h. Calculate the highest common divisor of k and 5.
5
Let r(n) = -n**3 - 8*n**2 + 7*n + 7. Let j be r(-7). Let t = -88 - j. Calculate the highest common divisor of 3 and t.
3
Let m be 3 - -13 - 2/2. Let i be ((-8415)/(-204))/(2 - 14/8). What is the greatest common divisor of m and i?
15
Let t(g) = 3*g**2 + 98*g - 108. Let l be t(-34). What is the highest common factor of 77 and l?
7
Suppose -d = 3*f - 194, 5*f = 4*d + 463 - 117. Calculate the highest common factor of 48 and f.
6
Let z be 6*((-20)/8 + 3). What is the greatest common divisor of 93 and z?
3
Let j be 0 + 1 + 30 - -1. Let b be 6/(-15)*125/(-10). Let r be (-512)/b*(-5)/2. Calculate the greatest common factor of r and j.
32
Let a(x) = 17*x - 33. Let p = 26 + -23. Let q be a(p). Let n(s) = 11*s**2 - s. Let d be n(-4). What is the greatest common factor of d and q?
18
Let g(i) = -6*i**3 - 2*i**2 + 1. Let t be g(-1). Suppose t*v - 4*v - 22 = 0. Suppose -2*u + v - 10 = 0. What is the highest common divisor of 48 and u?
6
Let q = -325 - -356. Calculate the highest common factor of 217 and q.
31
Suppose 90 = 5*u - 2*u + d, 3*u + 4*d - 90 = 0. What is the greatest common divisor of 75 and u?
15
Let h be 3/3*(-720 + 2). Let m = h + 1070. Calculate the highest common factor of 32 and m.
32
Let d be (-6)/21 + 4694/14. Suppose 4*y - d = -55. Calculate the greatest common divisor of 10 and y.
10
Suppose 3*h + 5*f - 26 = -0*h, -2*h - 2*f = -12. Suppose -4400 = -3*d - d. Suppose -d = -3*l - h*l. What is the greatest common divisor of 20 and l?
20
Suppose 71 = -7*s + 449. Let q be (12 + 0)/(81/s). Let x = -35 + 59. Calculate the highest common factor of x and q.
8
Let n be ((-6)/117*-13)/((-4)/(-798)). Calculate the greatest common factor of n and 38.
19
Suppose 5*o + 125 = 2*n, -2*n - 11*o + 76 = -9*o. Suppose -184 = -3*s - 4*p, -p + 118 = 5*s - 183. Calculate the highest common divisor of s and n.
15
Suppose -s + 3*s = -w + 104, 4*w = 2*s - 104. Let l be (-1 - -2)/((-1)/(-13)). What is the greatest common divisor of s and l?
13
Suppose -2*j + l + 4*l = -197, 5*j - 521 = 3*l. Let t = j - 98. Calculate the greatest common factor of 56 and t.
8
Let g be (-60)/(-21)*35/10. Let h be g/(-15) + 353/3. Calculate the greatest common factor of 9 and h.
9
Suppose 2*w = 7*w + 3*p - 38, -6 = w + 4*p. What is the highest common divisor of w and 590?
10
Let b = 4 - -1. Suppose -b*h + 120 = -4*h. What is the highest common divisor of 15 and h?
15
Suppose 3*q = -5*v + 4*q + 219, -5*v = -4*q - 216. Let i be v/6*(-9)/(-6). Suppose -9*j = -i*j + 38. What is the highest common divisor of 19 and j?
19
Let g be 3/15 + 4/(80/(-4)). Suppose g = -5*n + 45. Calculate the highest common divisor of 36 and n.
9
Suppose -9*r + 14*r - 5*y = 495, 4*r - 5*y - 396 = 0. What is the greatest common factor of r and 45?
9
Let w be (104/5)/((-84)/(-420)). Calculate the greatest common factor of 728 and w.
104
Let h be (-1)/(1/(-5)*1). Let c(g) = g**3 + 7*g**2 - 8*g + 6. Let w be c(-8). Let m be ((-60)/16)/(w/(-64)). Calculate the greatest common factor of m and h.
5
Suppose 0 = -7*w + 90 + 113. Let c = 213 + w. What is the greatest common factor of c and 22?
22
Let i(q) = q**3 + 44*q**2 + 63*q - 245. Let s be i(-42). Calculate the greatest common divisor of 196 and s.
49
Let g = -19 - -21. Let u be (g + -32)*10/(-3). Suppose -2*w = -u + 20. Calculate the highest common factor of w and 5.
5
Let r = -68 + 74. Let t be 18/10*20/r. Calculate the greatest common factor of 15 and t.
3
Let l = 501 + -497. What is the highest common factor of 1 and l?
1
Let y be 38/8 + 4/16. Suppose 15 = -3*i, -y*k + 0*k = -i - 90. Calculate the greatest common divisor of 17 and k.
17
Let r be -1*(-5)/(-1 + 2). Suppose q = -3*s + 92, -188 = -2*q - 0*q - r*s. Let h = 241 + -228. What is the highest common factor of h and q?
13
Let m = 8 + 55. Suppose 11*s + m = 14*s. What is the highest common factor of s and 147?
21
Let a = -41 + 24. Let c = a + 41. Suppose 5*i = 34 + 46. What is the highest common divisor of i and c?
8
Suppose -5*t + 0*t + 140 = 0. Suppose 3*p = k + 4 + 2, 0 = -4*k - p - 11. Let u be (t/12)/((-1)/k). What is the highest common factor of 21 and u?
7
Let t be 350/15 + 2/(-6). Let o(m) = 20*m + 1067. Let h be o(-43). What is the highest common factor of h and t?
23
Suppose 3*q - 2*h = 443, h + 0*h + 147 = q. Let s = 224 - q. What is the greatest common factor of s and 25?
25
Let u = 1033 - 254. Calculate the highest common factor of 57 and u.
19
Let p(a) be the second derivative of a**3/3 + 19*a**2 - a + 2. Suppose 5*t + 0*t = 0. Let m be p(t). What is the highest common factor of m and 57?
19
Let r = -1110 + 1376. Calculate the highest common divisor of 304 and r.
38
Let n = 2174 - 2084. Calculate the highest common divisor of n and 50.
10
Let t be (113 - (1 + 9)) + 1*-4. Calculate the highest common divisor of 45 and t.
9
Suppose -7*r = -2*r - 10, 41 = 3*v + r. Suppose a - 3 = 0, -y + v = 4*a - 10. Calculate the greatest common factor of y and 44.
11
Suppose 2*z + 4*h - 66 + 10 = 0, -2*h + 64 = 3*z. Calculate the greatest common divisor of z and 18.
18
Let y(x) = -x**2 - 27*x - 139. Let u be y(-15). Calculate the greatest common factor of u and 779.
41
Let u(r) = -2*r**2 - 28*r + 49. Let l be u(-15). Calculate the greatest common divisor of 551 and l.
19
Suppose -8*g = -7*g - 187. Let u(w) = -w**3 - 7*w**2 - 9*w - 1. Let h be u(-6). What is the greatest common divisor of g and h?
17
Let g = -5 + 9. Let o = 89 + -51. Let l = o - 32. Calculate the greatest common factor of l and g.
2
Let p(q) = -22*q - 26. Let l be p(-15). What is the highest common divisor of l and 16?
16
Suppose -11*t + 2206 = -1974. What is the greatest common factor of t and 152?
76
Suppose -v - 1 - 1 = 0, o + 4*v - 2 = 0. What is the highest common factor of 85 and o?
5
Suppose 2*a + 5*x + 4 = 53, 2*a = 5*x - 1. Let b = 8 + -5. What is the greatest common factor of b and a?
3
Let w = -73 - -123. Suppose -4*z + 6 = -2*s, 0*z = -2*z + 4*s - 12. Let u be 3 - z/(-1) - -3. What is the highest common divisor of w and u?
10
Suppose -37 = -5*b + g - 4*g, 5*b = -g + 29. Let z be (-6)/(1/b*-1). Suppose z = -2*i + 7*i. What is the greatest common divisor of 48 and i?
6
Suppose -2*g - 4*s = 64, 4*g + 156 = -4*s + 3*s. Let d = g - -50. Calculate the greatest common factor of 10 and d.
10
Suppose -14 + 12 = -2*x, -5*b + 20 = -5*x. What is